 Give i(42).
80
Let w(i) = -22*i + 1539. What is w(70)?
-1
Let j(b) = 2*b**3 - 17*b**2 - 7*b + 8. Determine j(9).
26
Let v(l) = -111*l - 2116. Determine v(-19).
-7
Let q(j) = -j**2 - 89*j - 689. Determine q(-10).
101
Let d(m) = m**3 + 59*m**2 + 6*m + 342. Determine d(-59).
-12
Let j(k) = -k**2 + 8*k + 37. Determine j(0).
37
Let g(d) = d**2 + 3*d - 87. Calculate g(-10).
-17
Let d(v) = -2*v**2 - 26*v - 149. Give d(-10).
-89
Let j(z) = 128*z**3 - 4*z**2 + 19*z - 16. What is j(1)?
127
Let a(t) = 3*t**2 - 191*t - 324. What is a(66)?
138
Let d(a) = 2*a**3 - 30*a**2 + 27*a - 26. Give d(14).
-40
Let f(z) = 6*z**2 - 24. Give f(-5).
126
Let l(y) = -1348*y + 17538. Calculate l(13).
14
Let u(k) = -k**3 - 49*k**2 + 49*k - 53. Determine u(-50).
-3
Let l(g) = -378*g + 3772. Calculate l(10).
-8
Let x(k) = 317*k - 188. Determine x(1).
129
Let t(o) = -141*o - 437. Calculate t(-3).
-14
Let x(a) = -2*a**3 + 3*a**2 + 13*a - 1. Calculate x(4).
-29
Let c(i) = 25*i + 160. Determine c(-13).
-165
Let k(x) = -12*x**2 + 435*x - 111. Calculate k(36).
-3
Let s(n) = -3*n - 69. Determine s(-15).
-24
Let k(x) = 3*x**2 + 31*x - 609. Calculate k(10).
1
Let c(t) = -35*t + 5526. Determine c(160).
-74
Let d(v) = -179*v + 3957. What is d(22)?
19
Let s(x) = -11*x - 161. What is s(-12)?
-29
Let m(r) = r**2 + 10*r - 10. Give m(-4).
-34
Let h(b) = -505*b + 1191. Calculate h(4).
-829
Let z(o) = o**3 + 18*o**2 + o - 72. Give z(-18).
-90
Let u(k) = k**2 - 62*k - 76. Determine u(63).
-13
Let k(l) = 79*l + 4904. What is k(-62)?
6
Let s(p) = 647*p + 38794. Give s(-60).
-26
Let g(o) = 19*o - 236. What is g(20)?
144
Let n(w) = 19*w + 7. Give n(2).
45
Let f(z) = 2*z**2 + 509*z + 3947. Determine f(-8).
3
Let f(x) = 102*x + 214. Calculate f(-3).
-92
Let i(h) = 38*h + 407. What is i(-10)?
27
Let r(x) = x**2 - 7*x - 190. What is r(-10)?
-20
Let n(r) = 38*r + 91. Give n(0).
91
Let o(p) = 49*p**2 + 588*p - 5. Give o(-12).
-5
Let m(k) = 8*k**2 - 3*k - 34. Give m(7).
337
Let q(i) = -51*i**2 - 6574*i + 659. Calculate q(-129).
14
Let r(g) = 3*g**2 - 53*g - 436. Give r(-6).
-10
Let b(o) = -o**3 - 132*o**2 - 259*o + 130. Give b(-130).
0
Let h(g) = -g**3 + 11*g**2 - 11*g + 6. Calculate h(10).
-4
Let u(b) = b**3 - 30*b**2 + 48*b - 1419. Determine u(30).
21
Let b(j) = j**3 - 20*j**2 + 19*j. Determine b(18).
-306
Let j(u) = 4*u**3 - 11*u**2 - 23*u - 4. Determine j(-2).
-34
Let x(f) = f**3 + 4*f**2 + 8*f + 16. What is x(-5)?
-49
Let r(k) = 59*k**2 - 352*k + 5. Give r(6).
17
Let a(w) = -3*w**3 + 36*w**2 - 113*w + 5. Give a(7).
-51
Let n(c) = 3*c**3 + 7*c**2 + 8*c + 6. Calculate n(-2).
-6
Let g(u) = -6*u**2 - 7*u - 13. What is g(-2)?
-23
Let y(b) = 21*b**3 + 2*b**2 - b + 3. Determine y(2).
177
Let q(l) = l**2 + 23*l - 103. Determine q(-13).
-233
Let d(c) = -c**2 + 104*c - 2694. Give d(49).
1
Let i(q) = q**3 + 17*q**2 - 134*q - 1828. Give i(-19).
-4
Let w(q) = q + 209. Determine w(29).
238
Let c(p) = p**3 + 48*p**2 + 2*p - 16. Determine c(-48).
-112
Let c(s) = -112*s + 739. Give c(4).
291
Let y(u) = u**2 - 177*u - 2899. What is y(-15)?
-19
Let v(s) = -129*s + 329. Determine v(-2).
587
Let q(m) = m**3 - 4*m**2 - 18*m + 177. Determine q(10).
597
Let y(o) = -34*o - 428. Give y(-12).
-20
Let g(f) = -f**2 + 123*f - 695. Give g(6).
7
Let p(q) = -35*q - 383. Calculate p(-22).
387
Let f(b) = -b**2 - 4*b + 343. What is f(17)?
-14
Let p(w) = -w**3 - 118*w**2 - 563*w + 234. Give p(-113).
8
Let f(a) = -324*a + 17813. Determine f(55).
-7
Let k(x) = -7*x**2 + 76*x + 191. What is k(13)?
-4
Let n(a) = -a**2 + 12*a - 39. What is n(5)?
-4
Let h(a) = -a**3 - 35*a**2 - 56*a - 277. Calculate h(-34).
471
Let a(u) = -7*u - 233. What is a(-35)?
12
Let x(v) = -2*v**3 - 20*v**2 + 80*v + 21. Calculate x(-13).
-5
Let u(p) = -p**2 - 7*p - 109. What is u(-12)?
-169
Let n(o) = -6*o**2 + 325*o - 93. Calculate n(54).
-39
Let o(v) = v**3 + 15*v**2 + 32*v + 490. Determine o(-15).
10
Let f(a) = a**3 - 76*a**2 + 144*a + 301. Give f(74).
5
Let t(l) = 2*l**3 - 6*l**2 + 21*l - 8. Calculate t(2).
26
Let i(m) = 2*m**3 + 132*m**2 - 276*m - 210. Calculate i(-68).
62
Let z(y) = -6*y**2 + 18*y + 1260. Calculate z(-13).
12
Let s(r) = r**3 - r**2 - 101*r - 15. Determine s(-11).
-356
Let u(p) = 15*p**3 - 16*p**2 - 2*p - 5. Calculate u(4).
691
Let b(t) = 23*t + 256. What is b(-17)?
-135
Let w(a) = a**3 - 19*a**2 + 90*a + 3. What is w(10)?
3
Let p(a) = 81*a + 1170. Calculate p(-14).
36
Let f(w) = 9317*w - 18637. What is f(2)?
-3
Let k(h) = -h**2 - 27*h - 72. Give k(-16).
104
Let n(s) = -s**3 + 8*s**2 + 2*s + 6. Calculate n(7).
69
Let q(z) = -7*z**2 - 11*z + 33. Determine q(5).
-197
Let b(n) = n**3 - 53*n**2 + 547*n - 139. Determine b(39).
-100
Let o(f) = -8*f**2 - 105*f - 522. Calculate o(-6).
-180
Let y(t) = -237*t - 1924. Calculate y(-8).
-28
Let g(r) = r**3 - 22*r**2 + 53*r - 748. What is g(21)?
-76
Let r(g) = -g**3 + 4*g**2 - 66*g + 393. Calculate r(5).
38
Let u(k) = -40*k + 202. What is u(7)?
-78
Let x(p) = -p**2 - 8*p + 24. Give x(4).
-24
Let k(c) = 129*c - 54. Give k(5).
591
Let s(p) = 8*p - 166. What is s(34)?
106
Let x(p) = -81*p + 1220. Determine x(12).
248
Let q(y) = 23*y**3 - 5*y**2 - 13*y - 1. Calculate q(-3).
-628
Let s(l) = l**2 + 51*l + 552. Determine s(-34).
-26
Let h(w) = -557*w + 4321. Calculate h(8).
-135
Let o(h) = -4*h**2 - 137*h + 1300. Calculate o(-42).
-2
Let v(n) = 3*n**3 - 5*n**2 + 2*n + 9. Determine v(2).
17
Let a(o) = 5*o**2 - 30*o + 106. Give a(10).
306
Let a(h) = -47*h**2 + 7705*h + 485. Give a(164).
-7
Let w(l) = 6*l**2 + 275*l + 1361. Determine w(-5).
136
Let a(t) = t**3 - 98*t**2 - 1314*t + 53. Give a(-12).
-19
Let b(l) = -l**2 + 31*l + 1068. Calculate b(52).
-24
Let n(p) = p**3 + 13*p**2 + 16*p - 5. What is n(-6)?
151
Let r(h) = -25*h**2 + 89*h + 2. What is r(4)?
-42
Let w(k) = -72*k + 37. Calculate w(-2).
181
Let g(o) = -180*o - 699. Give g(-4).
21
Let z(i) = -22*i**2 + 6*i + 11. Calculate z(-1).
-17
Let q(n) = -97*n - 293. Calculate q(-3).
-2
Let r(j) = 3*j**3 + 26*j**2 + 46*j + 490. Determine r(-9).
-5
Let x(o) = -2*o**3 - 14*o**2 + 25*o + 19. Give x(-8).
-53
Let d(r) = 10*r**2 + 411*r - 1318. Determine d(3).
5
Let v(q) = 189*q - 459. What is v(7)?
864
Let v(m) = m**2 + 115*m - 10529. Give v(-175).
-29
Let a(g) = 3*g**3 + 12*g**2 + 63*g + 83. Give a(-2).
-19
Let g(c) = -10*c**3 - 3*c**2 + 4*c - 2. What is g(1)?
-11
Let b(s) = 100*s + 1010. Give b(-12).
-190
Let b(p) = -45*p + 997. What is b(22)?
7
Let b(c) = -6237*c - 74846. What is b(-12)?
-2
Let q(n) = 3*n**3 + 36*n**2 - 40*n - 20. Calculate q(-13).
-7
Let s(w) = -88*w**2 - 3*w - 11. Determine s(0).
-11
Let x(p) = 5*p**3 - 6*p**2 + p + 5. Determine x(1).
5
Let n(d) = 3*d**3 - 174*d**2 + 8*d - 435. Give n(58).
29
Let v(q) = q**3 + 75*q**2 - 150*q + 359. Determine v(-77).
51
Let u(a) = -a**2 - 1949*a + 13705. What is u(7)?
13
Let g(z) = 2*z**3 + 9*z**2 - 37*z + 16. Calculate g(-7).
30
Let k(l) = -3*l**2 - 87*l - 241. Determine k(-26).
-7
Let n(l) = 265*l**3 - 9*l**2 - 11*l - 2. What is n(-1)?
-265
Let k(x) = -204*x - 1011. Determine k(-5).
9
Let x(p) = p**2 - 483*p - 9026. Give x(-18).
-8
Let v(q) = q**3 + 10*q**2 - q + 11. Determine v(-9).
101
Let j(q) = -886*q + 3483. Determine j(4).
-61
Let i(o) = 64*o - 573. Give i(8).
-61
Let s(d) = 32*d + 928. What is s(-29)?
0
Let s(x) = 10*x + 133. What is s(-13)?
3
Let r(y) = y**3 - 9*y**2 - 171*y + 1582. Calculate r(9).
43
Let k(x) = 38*x + 6. Calculate k(-5).
-184
Let y(d) = -223*d - 2684. Give y(-12).
-8
Let d(c) = 9*c - 110. What is d(3)?
-83
Let q(n) = n**3 - 106*n**2 - 3*n + 320. What is q(106)?
2
Let a(m) = -58*m + 6549. Calculate a(113).
-5
Let r(f) = 284*f + 27812. Calculate r(-98).
-20
Let k(v) = -v**2 - 208*v + 4316. Calculate k(19).
3
Let k(z) = z**2 - 35*z + 280. What is k(11)?
16
Let l(z) = -104*z + 629. Calculate l(6).
5
Let f(d) = 71*d - 785. Determine f(11).
-4
Let q(w) = w**3 - 15*w**2 - 20*w - 9. Calculate q(16).
-73
Let u(r) = 125*r + 2616. Determine u(-21).
-9
Let o(n) = 2*n**3 + 4*n**2 - n - 2. Give o(-3).
-17
Let q(n) = 1561*n - 49960. Give q(32).
-8
Let i(f) = f**3 - 132*f**2 - 268*f + 4. What is i(134)?
4
Let f(z) = -486*z - 1943. Give f(-4).
1
Let w(g) = g**3 - 83*g**2 - 85*g + 68. Calculate w(84).
-16
Let k(x) = 155*x - 12. Determine k(-1).
-167
Let a(h) = 7*h - 45. Calculate a(6).
-3
Let y(b) = 67*b - 